
-34
Let t(q) be the second derivative of q**5/20 + q**4/3 - 2*q**3/3 - 3*q**2 - 32*q - 25. Suppose -i - 4 = -0. Give t(i).
10
Let c = -141 - -144. Let f(d) = 2*d**3 + 7*d**2 + 2 - 8*d - 14*d**2 - d**c. Calculate f(8).
2
Let i(l) = 3*l + 1. Let g(a) = 4*a + 8. Let y(w) = -g(w) - i(w). Calculate y(-5).
26
Let g be 9/(-3)*(-1)/((-12)/52). Let h(o) = -2*o + 43. Determine h(g).
69
Let k(c) = c**3 - 5*c**2 + 3*c + 1. Suppose -5*j + v = -2582, -2*j - 264 = -2*v - 1292. Let s = j + -512. Determine k(s).
16
Let p(r) = r**2 - r - 8. Let w(k) = -k**2 - k + 6. Let y(m) = -2*m**2 - 30*m - 91. Let l be y(-11). Let g(x) = l*w(x) - 2*p(x). Give g(-7).
12
Let v(z) be the third derivative of -z**4/8 + 5*z**3/6 - 4*z**2 - 32*z. Let h be (-33)/(-7) - 18/(-63). What is v(h)?
-10
Let v(o) be the second derivative of o**4/6 + 7*o**3/6 + 111*o**2/2 + 7*o - 6. Let a(t) be the first derivative of v(t). Determine a(-2).
-1
Let d(c) = c**2 - 6*c - 6. Let j be -8 + (12/(-8) + 2)*-8. Let z be 34/8 - (j/16 + 1). Let s be 6*z/12 + 4. Give d(s).
-6
Let v = -90 + 81. Let t(p) = -62*p**3 + 2*p + 9*p**2 + 63*p**3 + 31 - 21. Calculate t(v).
-8
Let x(q) be the third derivative of -3/20*q**5 + 5/6*q**3 + 5/12*q**4 + 0*q - 139 + q**2 + 1/120*q**6. Give x(8).
21
Let u(o) = -3*o - 52. Let k(s) = -2*s - 28. Suppose -23*q - 3 = -118. Let i(y) = q*k(y) - 3*u(y). Calculate i(12).
4
Let u(g) = 4 - 1 + 584*g**2 + 40*g - 30*g - 583*g**2. Give u(-9).
-6
Let b(l) = -5866 + 5921 + l**2 - 7*l - 7*l. Let x be b(7). Let c(w) = w**3 - 7*w**2 - 2*w + 8. Calculate c(x).
-40
Let c(i) be the second derivative of -i**3/3 + 4*i**2 - 4*i - 89. Determine c(10).
-12
Let p(k) = k - 1. Let h be p(4). Let f(m) = 1 - 4*m + 3*m + m - m. Give f(h).
-2
Let b(u) = -u**3 - 40*u**2 - u - 34. Suppose 0 = -4*x - 4*h + 221 - 353, 0 = -5*x - 4*h - 172. Give b(x).
6
Suppose 4*z = -3*x + 117, -2*z + 18 = -z + 3*x. Suppose -17 + z = 8*s. Let l(g) = -3*g**2 - g - 2. Determine l(s).
-16
Let h(d) = 39*d**2 - 5*d + 5. Let v be 5*1/10*(2 + 0). Give h(v).
39
Let i(q) = 45*q**2 + 8*q - 5. Let y(u) = 40*u**2 + 6*u - 4. Let z(f) = 3*i(f) - 4*y(f). Calculate z(-1).
-24
Let p be 6 + 4/(-2) + (1 - 2). Suppose 5*b - 15 = 2*v, -4*b = p*v - 2*v - 12. Let t(x) = -4*x**2 + 3*x + 1. Determine t(b).
-26
Let v(a) = 2*a**2 - 9*a - 2. Let t(y) = 46*y - 1282. Let z be t(28). Determine v(z).
16
Let q(z) be the second derivative of -z**3/6 + 10*z**2 - 15*z. Suppose 17*t = 169 + 1. Determine q(t).
10
Suppose 0 = i - 0*i - 106. Suppose 0 = 13*r + 3879 - 4672. Let t(q) = q + i - 53 - r. What is t(0)?
-8
Let l(s) = -s**2 - 21*s - 36. Let o = 11378 - 11386. Give l(o).
68
Suppose 2*o = 3*o + 4, 0 = 3*c - 5*o - 26. Let r(h) = -4*h + 80*h**2 + 73*h**c + 3 - 154*h**2. Let a(l) = -1. Let t(p) = 6*a(p) + r(p). Determine t(-3).
0
Let h(t) = -5*t + 17 + 0*t - 8. Let s be (-504)/(-147)*(-28)/(-8) - (-8 + 11). Determine h(s).
-36
Let y(d) be the first derivative of -2*d**3/3 - 3*d**2 - 4*d + 403. Suppose -3*u - 3 = -2*u. Let p = u + -1. Give y(p).
-12
Let f(n) = 6*n - 36. Let o(k) = k**2 + 10*k - 17. Suppose 57*p - 59*p = 24. Let h be o(p). Determine f(h).
6
Let k = 3/205 + 199/410. Let h(o) be the second derivative of 0 - 13*o + k*o**2 - 1/2*o**3 + 1/4*o**4. Give h(2).
7
Let w(m) = -5*m**3 - m**2 - 5*m - 3. Let r be w(-3). Let x = 130 - r. Let h(q) = -q**3 - 8*q**2 + q + 11. Calculate h(x).
3
Suppose 60 = -9*o + 12*o. Suppose -2*q + q = -2. Suppose -o = q*d - 7*d. Let j(y) = -y + 2. What is j(d)?
-2
Let h(b) = b**2 - 9*b + 9. Let v be h(5). Let c = 23 + v. Let y be (-1 - 2)*(-16)/c. Let u(l) = l**3 - 3*l**2 - 5*l + 4. Calculate u(y).
0
Let o(i) = 2*i**2 + 4*i - 9. Let g be o(-3). Let z(a) = a + 1. Let c(v) = -v + 1. Let f(x) = g*z(x) - 2*c(x). Determine f(-7).
2
Let g(b) = 378*b**2 - 3*b + 5. Let q be g(2). Let l(s) = 5*s + 1510*s**2 + 6 - 4*s - q*s**2 - 4*s. Calculate l(-5).
-4
Let m be ((-96)/(-8))/(2 + 0). Let r(q) = 6 + 175*q - m - 177*q. Determine r(-4).
8
Let m(o) = o**2 - 2*o + 44. Let p be m(0). Let n(i) = 1 - p*i + 108*i - 39*i - 37*i. Give n(2).
-23
Let s(z) = 4*z**2 - 14*z + 11. Let l(c) = c**3 + 4*c**2 - 3*c + 17. Let m be l(-5). Give s(m).
109
Suppose 0 = -4*d + 3*i + 2*i - 20, -4*d - 4*i + 16 = 0. Suppose 3*c - c - 5*h - 5 = d, 5*h + 10 = 3*c. Let n(r) = -r**3 + 7*r**2 - 7*r + 2. Give n(c).
17
Let p(i) be the third derivative of i**5/60 + i**4/3 + i**3/2 + 2*i**2. Let y = -103 - -108. Suppose l = -3*b - 16, -2*l + 3 = -y*l. Calculate p(b).
-12
Let a(u) be the first derivative of u**4/4 - 10*u**3/3 + 17*u**2/2 - 4*u - 4230. Give a(8).
4
Let i(k) = -2*k - 3. Let s = 44 - 53. Let c(w) = -w + 5. Let x be c(s). Let n be 8/x - 32/7. Give i(n).
5
Let t(b) = -7*b**3 + b**2 + b. Let l(m) = -4*m + 71. Let a(f) = -5*f + 1 + 4 + 68. Let n be a(11). Let h be l(n). Determine t(h).
7
Let a(q) = -q - 7. Let k be a(-7). Let n(u) = -3*u**2 + 2*u + 1. Let y(j) = -7*j**2 + 8*j + 4. Let g(l) = 3*n(l) - y(l). Calculate g(k).
-1
Let n be (13/(-78))/((330/9)/(-11)). Let g(d) be the second derivative of 5*d - 1/3*d**3 + 0 + 0*d**2 + 1/4*d**4 - n*d**5. What is g(2)?
0
Let i = 67 - 61. Suppose 0 = 2*j - 2*n, j + n = i*j - 4. Let h(b) be the third derivative of -b**5/5 - b**4/24 - b**2. Calculate h(j).
-13
Let u(g) be the first derivative of -5*g**2/2 + 232*g - 6943. Calculate u(45).
7
Let i(l) be the first derivative of -l**2/2 - 47*l - 1769. Calculate i(-52).
5
Let y(s) = -s**3 + 9*s**2 + 2*s - 2. Let b be 1*(1 + (-1 - (-1 + -2))). Let i be b*((-4)/10 - 34/(-10)). Give y(i).
16
Let w(y) = y**3 + 7*y**2 + 4*y - 7. Let c(n) = -2 + n**2 + 10*n**3 + 10*n**3 + 45*n - 43*n. Let b be c(1). Suppose 7*p = -21 - b. What is w(p)?
5
Let c(a) = 53*a**3 + 7*a**2 + a - 109. Let w(b) = -79*b**3 - 11*b**2 - 2*b + 110. Let q(z) = 3*c(z) + 2*w(z). Calculate q(0).
-107
Let h(m) = m**3 + m - 3*m**2 - 2 + m + 0*m - 1. Let s be 1/((7/(-35))/(132/10)). Let o = s - -69. Determine h(o).
3
Let y(o) be the second derivative of -3*o**5/10 - o**3/6 - 2535*o + 1. Let s = -2 - -5. Suppose -4*l = 2*n + 8, -l = n - 0*n + s. Determine y(l).
7
Let r be (-32 - -31)/(2/(-10) - 0). Let j(o) = 2*o + 0*o - r*o + 8 - 5*o + o**2. What is j(7)?
1
Suppose 337 = -25*t - 208 + 120. Let v(s) = s + 42. Give v(t).
25
Suppose -20*q - 38 = 4*p - 17*q, -3*q + 2 = -4*p. Let u(k) = k**2 + 24*k + 94. Give u(p).
-1
Let l(a) = a**3 + 4*a**2 - 6*a. Let s(z) = -58*z - 72. Let v be s(-10). Suppose 2*b + 2*b + v = 0. Let w = b + 122. Give l(w).
5
Let k(v) be the second derivative of v**5/20 - 11*v**4/12 - 7*v**2/2 - 1579*v. Give k(11).
-7
Let o(g) = -14*g + 7. Let m(z) = -47*z + 11. Let f(t) = -2*m(t) + 7*o(t). Give f(6).
3
Let a be 2/(2/(-3) - -1). Suppose 0 = -17*w + 13*w. Let o(h) = -560 - 4*h + 559 + w*h + 2*h. Calculate o(a).
-13
Let z(d) = -29*d**2. Let h(p) = 2*p**2 - 32*p + 2. Let n be h(16). Let t = 13 - 24. Let r be 65/(-55) - n/t. What is z(r)?
-29
Let g(c) = 18*c + 120. Let h be g(-6). Let w(m) = 5 + 8 + h*m - 423*m**2 + 424*m**2. What is w(-11)?
2
Let t(c) = -5*c**3 - 10*c**2 + 4*c**3 + c + 20*c**2 - 1. Suppose -17*g + 3*w + 38 = -15*g, 0 = g + w - 4. Determine t(g).
9
Suppose 16 = 4*u, 681 = 3*t + 3*u + 84. Let s = t + -189. Let a(g) = -g**3 + 5*g**2 + 6*g + 4. Give a(s).
4
Suppose 0 = -25*m + 310 + 190. Let h be (84/m - 3)/((-9)/(-90)). Let z(f) = f**2 - 13*f + 17. Determine z(h).
5
Let y(p) be the second derivative of -p**3 + 3*p**2/2 + 10*p. Let a be -4 - ((5 - 42/3) + 3). What is y(a)?
-9
Let z(b) = 10*b + 36 - 60 - 59 - 18*b. Give z(-12).
13
Suppose -5*u = -4 + 34. Let s(g) = -g + 4. Let f be s(7). Let m(r) = -4*r - 12. Let a(z) = 7*z + 24. Let j(y) = f*a(y) - 5*m(y). Give j(u).
-6
Let g(f) = 8*f**2 - 12*f + 12. Let z(o) = 9*o**2 - 14*o + 16. Let r(c) = -6*g(c) + 5*z(c). What is r(4)?
-32
Suppose 26*u = -78*u - 146*u + 2000. Let n(b) be the first derivative of -b**3/3 + 3*b**2 + 19*b - 3. What is n(u)?
3
Let u(d) = -2*d**2 - 17*d - 1. Let r(g) = -6*g**2 - 50*g - 2. Let h(p) = 4*r(p) - 11*u(p). Suppose -304*k = -95*k + 2032 - 569. Determine h(k).
-4
Let r(k) = 3*k - 27. Suppose 1156 = 14*n + 1044. What is r(n)?
-3
Let m(i) = 12*i - 163. Suppose -2*o = -12*o + 140. Let h be m(o). Let x(q) = -q**2 + 5*q - 4. What is x(h)?
-4
Let c be ((-506)/22)/(-4 - -3). Let b(h) = -h**2 + 18*h + 127. Give b(c).
12
Let p be (7 